{"id":84,"date":"2013-12-30T00:04:13","date_gmt":"2013-12-29T23:04:13","guid":{"rendered":"http:\/\/localhost\/Wordpres_EKewaka\/?page_id=84"},"modified":"2017-01-07T22:22:35","modified_gmt":"2017-01-07T21:22:35","slug":"interclub-2013","status":"publish","type":"page","link":"https:\/\/interclubs.gojuryu93.com\/?page_id=84","title":{"rendered":"Interclubs  2013"},"content":{"rendered":"<p style=\"text-align: left;\"><span style=\"color: #ffffff; font-family: tahoma,arial,helvetica,sans-serif; font-size: 18pt;\">Au cours de nos interclubs les diff\u00e9rents organisateurs prennent des prises de vues ou des vid\u00e9os, retrouvez ici les images de l&rsquo;interclubs 2013.<\/span><\/p>\n<div><\/div>\n<div style=\"text-align: center;\"><strong><em>\u00a92013 Karat\u00e9 Club de Tremblay-en-France &#8211; Copies interdites<\/em><\/strong><\/div>\n<p style=\"text-align: center;\"><em><span style=\"text-decoration: underline;\"><span style=\"font-size: 10pt;\">Merci de laisser le diaporama se charger<\/span><\/span><\/em><\/p>\n<p style=\"text-align: center;\"><a class=\"maxbutton-14 maxbutton maxbutton-videos-2013\" rel=\"nofollow noopener\" href=\"\/?page_id=92\"><span class='mb-text'>Vid\u00e9os 2013<\/span><\/a><\/p>\n<p>&nbsp;<\/p>\n","protected":false},"excerpt":{"rendered":"<p>Au cours de nos interclubs les diff\u00e9rents organisateurs prennent des prises de vues ou des vid\u00e9os, retrouvez ici les images de l&rsquo;interclubs 2013. \u00a92013 Karat\u00e9 Club de Tremblay-en-France &#8211; Copies <a class=\"more-link\" href=\"https:\/\/interclubs.gojuryu93.com\/?page_id=84\">Lire la suite \u2192<\/a><\/p>\n","protected":false},"author":1,"featured_media":0,"parent":81,"menu_order":0,"comment_status":"closed","ping_status":"open","template":"","meta":{"_exactmetrics_skip_tracking":false,"_exactmetrics_sitenote_active":false,"_exactmetrics_sitenote_note":"","_exactmetrics_sitenote_category":0,"footnotes":""},"class_list":["post-84","page","type-page","status-publish","hentry"],"jetpack_sharing_enabled":true,"jetpack_shortlink":"https:\/\/wp.me\/P8jlum-1m","jetpack-related-posts":[{"id":145,"url":"https:\/\/interclubs.gojuryu93.com\/","url_meta":{"origin":84,"position":0},"title":"Bienvenue sur notre interclubs !","author":"Team-Goju","date":"1 janvier 2014","format":false,"excerpt":"Issue d'une volont\u00e9 de cr\u00e9er une \u00e9mulation envers les divers arts martiaux, l'interclub a \u00e9t\u00e9 cr\u00e9\u00e9 \u00e0 l'issue d'une concertation entre des clubs d'origines et de disciplines diff\u00e9rentes. R\u00e9unis autour d'une journ\u00e9e ludique, d\u00e9monstrative et comp\u00e9titive, ces diff\u00e9rentes disciplines se rencontrent le plus souvent possible dans une Coupe Interclubs. Ces\u2026","rel":"","context":"Article similaire","block_context":{"text":"Article similaire","link":""},"img":{"alt_text":"","src":"","width":0,"height":0},"classes":[]},{"id":92,"url":"https:\/\/interclubs.gojuryu93.com\/?page_id=92","url_meta":{"origin":84,"position":1},"title":"Vid\u00e9os 2013","author":"Team-Goju","date":"30 d\u00e9cembre 2013","format":false,"excerpt":"Retrouvez sur cette page et les pages suivantes les vid\u00e9os des d\u00e9monstrations r\u00e9alis\u00e9es par Nathalie Dorville qui nous a gracieusement fournie ces images. D\u00e9monstrations Combats arbitr\u00e9s \u00a9 2013 R\u00e9alisation vid\u00e9o Nathalie Dorville - Tous droits r\u00e9serv\u00e9s","rel":"","context":"Article similaire","block_context":{"text":"Article similaire","link":""},"img":{"alt_text":"","src":"","width":0,"height":0},"classes":[]},{"id":86,"url":"https:\/\/interclubs.gojuryu93.com\/?page_id=86","url_meta":{"origin":84,"position":2},"title":"Taekwondo diaporama 2013","author":"Team-Goju","date":"30 d\u00e9cembre 2013","format":false,"excerpt":"\u00a9 2013 - Club de Taekwondo de la Go\u00eble. [easy-media med=\"1092\"] \/\/ < ![CDATA[ \/\/ < ![CDATA[ \/\/ < ![CDATA[ \/\/ < ![CDATA[ \/\/ < ![CDATA[ \/\/ Cliquez pour visualiser le diaporama. Patientez pendant le chargement. Page en cours de chargement...Merci de patienter \u00a0 \u00a0 \/\/ < ![CDATA[ \/\/ <\u2026","rel":"","context":"Article similaire","block_context":{"text":"Article similaire","link":""},"img":{"alt_text":"","src":"","width":0,"height":0},"classes":[]},{"id":90,"url":"https:\/\/interclubs.gojuryu93.com\/?page_id=90","url_meta":{"origin":84,"position":3},"title":"Gojuryu diaporama 2013","author":"Team-Goju","date":"30 d\u00e9cembre 2013","format":false,"excerpt":"\u00a92013 - Karat\u00e9 Club Gojuryu de Tremblay-en-France - Photos de Natahalie Dorville. [easy-media med=\"1102\"]\u00a0 Cliquez pour visualiser le diaporama. Patientez pendant le chargement. \u00a0 \/\/ < ![CDATA[ \/\/ < ![CDATA[ \/\/ < ![CDATA[ \/\/ < ![CDATA[ \/\/ \u00a0 Page en cours de chargement...Merci de patienter \u00a0 \u00a0 \/\/ < ![CDATA[\u2026","rel":"","context":"Article similaire","block_context":{"text":"Article similaire","link":""},"img":{"alt_text":"","src":"","width":0,"height":0},"classes":[]},{"id":1114,"url":"https:\/\/interclubs.gojuryu93.com\/?page_id=1114","url_meta":{"origin":84,"position":4},"title":"Mentions l\u00e9gales","author":"Team-Goju","date":"14 juin 2014","format":false,"excerpt":"Ce site est h\u00e9berg\u00e9 et r\u00e9alis\u00e9 par Le Karat\u00e9 Club de Tremblay en France\u00a0 sur un serveur fourni par : OVH SAS au capital de 10\u00a0059\u00a0500\u00a0\u20ac RCS Lille M\u00e9tropole 424 761 419 00045 Code APE 6202A N\u00b0 TVA : FR 22 424 761 419 Si\u00e8ge social : 2 rue Kellermann\u2026","rel":"","context":"Article similaire","block_context":{"text":"Article similaire","link":""},"img":{"alt_text":"","src":"","width":0,"height":0},"classes":[]},{"id":88,"url":"https:\/\/interclubs.gojuryu93.com\/?page_id=88","url_meta":{"origin":84,"position":5},"title":"BMKDO diaporama 2013","author":"Team-Goju","date":"30 d\u00e9cembre 2013","format":false,"excerpt":"Page en cours de r\u00e9alisation...","rel":"","context":"Article similaire","block_context":{"text":"Article similaire","link":""},"img":{"alt_text":"","src":"https:\/\/i0.wp.com\/ekewakando.free.fr\/wp-content\/uploads\/2014\/Travaux\/En_travaux_06.gif?resize=350%2C200","width":350,"height":200},"classes":[]}],"_links":{"self":[{"href":"https:\/\/interclubs.gojuryu93.com\/index.php?rest_route=\/wp\/v2\/pages\/84","targetHints":{"allow":["GET"]}}],"collection":[{"href":"https:\/\/interclubs.gojuryu93.com\/index.php?rest_route=\/wp\/v2\/pages"}],"about":[{"href":"https:\/\/interclubs.gojuryu93.com\/index.php?rest_route=\/wp\/v2\/types\/page"}],"author":[{"embeddable":true,"href":"https:\/\/interclubs.gojuryu93.com\/index.php?rest_route=\/wp\/v2\/users\/1"}],"replies":[{"embeddable":true,"href":"https:\/\/interclubs.gojuryu93.com\/index.php?rest_route=%2Fwp%2Fv2%2Fcomments&post=84"}],"version-history":[{"count":0,"href":"https:\/\/interclubs.gojuryu93.com\/index.php?rest_route=\/wp\/v2\/pages\/84\/revisions"}],"up":[{"embeddable":true,"href":"https:\/\/interclubs.gojuryu93.com\/index.php?rest_route=\/wp\/v2\/pages\/81"}],"wp:attachment":[{"href":"https:\/\/interclubs.gojuryu93.com\/index.php?rest_route=%2Fwp%2Fv2%2Fmedia&parent=84"}],"curies":[{"name":"wp","href":"https:\/\/api.w.org\/{rel}","templated":true}]}}