{"id":270,"date":"2014-05-26T16:16:11","date_gmt":"2014-05-26T15:16:11","guid":{"rendered":"http:\/\/ekewakando.free.fr\/?page_id=270"},"modified":"2017-01-09T00:55:48","modified_gmt":"2017-01-08T23:55:48","slug":"copyright","status":"publish","type":"page","link":"https:\/\/interclubs.gojuryu93.com\/?page_id=270","title":{"rendered":"Copyright"},"content":{"rendered":"<p><img data-recalc-dims=\"1\" loading=\"lazy\" decoding=\"async\" class=\"aligncenter\" src=\"https:\/\/i0.wp.com\/ekewakando.free.fr\/wp-content\/uploads\/copyright_6.jpg?resize=432%2C185\" alt=\"\" width=\"432\" height=\"185\" \/><\/p>\n<p><span style=\"font-size: 12pt;\">Tous les textes, photographies et documents pr\u00e9sents sur ce site sont propri\u00e9t\u00e9s du <span id=\"copyright symbol\" style=\"font-size: 12pt;\"><strong><a href=\"http:\/\/www.gojuryu93.com\/\" target=\"_blank\">Karat\u00e9 Club de Tremblay-en-France <\/a><\/strong>et <\/span>de leurs auteurs respectifs.<\/span><\/p>\n<p><span style=\"font-size: 12pt;\">Copies interdites sans autorisation du<strong> <a href=\"http:\/\/www.gojuryu93.com\/contact\/\" target=\"_blank\"><span id=\"copyright symbol\" style=\"font-size: 12pt;\">Karat\u00e9 Club de Tremblay-en-France<\/span><\/a><\/strong> ou des auteurs.<\/span><\/p>\n<p><em><strong><span style=\"font-size: 12pt;\">\u00a9 2011 &#8211; 2017 <\/span>&#8211; Karat\u00e9 Club de Tremblay-en-France &#8211; Tous droits r\u00e9serv\u00e9s.<\/strong><\/em><\/p>\n<p>Sonorisations \u00e9ventuelles du site et des diaporamas libres de droits :<\/p>\n<p>\u00ab\u00a0Musiques du monde\u00a0\u00bb en licence Cr\u00e9ative Common.<\/p>\n<p>Sources des m\u00e9dias : internet.<br \/>\n<a href=\"http:\/\/creativecommons.org\/licenses\/by-nc-sa\/4.0\/\" rel=\"license\"><img data-recalc-dims=\"1\" decoding=\"async\" style=\"border-width: 0;\" src=\"https:\/\/i0.wp.com\/i.creativecommons.org\/l\/by-nc-sa\/4.0\/88x31.png?w=750&#038;ssl=1\" alt=\"Licence Creative Commons\" \/><\/a><br \/>\nCes \u0153uvres audios sont mises \u00e0 disposition selon les termes de la <a href=\"http:\/\/creativecommons.org\/licenses\/by-nc-sa\/4.0\/\" rel=\"license\">Licence Creative Commons Attribution &#8211; Pas d\u2019Utilisation Commerciale &#8211; Partage dans les M\u00eames Conditions 4.0 International<\/a>.<\/p>\n<p>&nbsp;<\/p>\n","protected":false},"excerpt":{"rendered":"<p>Tous les textes, photographies et documents pr\u00e9sents sur ce site sont propri\u00e9t\u00e9s du Karat\u00e9 Club de Tremblay-en-France et de leurs auteurs respectifs. Copies interdites sans autorisation du Karat\u00e9 Club de <a class=\"more-link\" href=\"https:\/\/interclubs.gojuryu93.com\/?page_id=270\">Lire la suite \u2192<\/a><\/p>\n","protected":false},"author":1,"featured_media":0,"parent":55,"menu_order":0,"comment_status":"closed","ping_status":"open","template":"","meta":{"_exactmetrics_skip_tracking":false,"_exactmetrics_sitenote_active":false,"_exactmetrics_sitenote_note":"","_exactmetrics_sitenote_category":0,"footnotes":""},"class_list":["post-270","page","type-page","status-publish","hentry"],"jetpack_sharing_enabled":true,"jetpack_shortlink":"https:\/\/wp.me\/P8jlum-4m","jetpack-related-posts":[{"id":186,"url":"https:\/\/interclubs.gojuryu93.com\/?page_id=186","url_meta":{"origin":270,"position":0},"title":"Droits \u00e0 l&rsquo;image","author":"Team-Goju","date":"2 janvier 2014","format":false,"excerpt":"\u00a0 Toutes les personnes repr\u00e9sent\u00e9es sur ce site ou leurs responsables l\u00e9gaux ainsi que les dirigeants des clubs ont fourni une autorisation de diffusion des images aux organisateurs de l'\u00e9v\u00e9nement conform\u00e9ment aux dispositions l\u00e9gales des droits \u00e0 images en France. Ces autorisations sont en possession du Karat\u00e9 Club de Tremblay-en-France.\u2026","rel":"","context":"Article similaire","block_context":{"text":"Article similaire","link":""},"img":{"alt_text":"","src":"","width":0,"height":0},"classes":[]},{"id":74,"url":"https:\/\/interclubs.gojuryu93.com\/?page_id=74","url_meta":{"origin":270,"position":1},"title":"Karat\u00e9 Gojuryu de Tremblay en France","author":"Team-Goju","date":"29 d\u00e9cembre 2013","format":false,"excerpt":"Unique club du d\u00e9partement de la Seine Saint Denis \u00e0 offrir la pratique du Karat\u00e9 Goju-ryu, le Club de Karat\u00e9 de Tremblay-en-France vous permettra de d\u00e9couvrir cette pratique du karat\u00e9 originel d'Okinawa. Vous pourrez \u00e9galement vous essayer \u00e0 la pratique des armes traditionnelles avec la section Kobudo, au programme :\u2026","rel":"","context":"Article similaire","block_context":{"text":"Article similaire","link":""},"img":{"alt_text":"Bani\u00e8re ktf","src":"https:\/\/i0.wp.com\/interclubs.gojuryu93.com\/wp-content\/uploads\/sites\/5\/2014\/01\/Bani%C3%A8re-ktf-300x43.png?resize=350%2C200","width":350,"height":200,"srcset":"https:\/\/i0.wp.com\/interclubs.gojuryu93.com\/wp-content\/uploads\/sites\/5\/2014\/01\/Bani%C3%A8re-ktf-300x43.png?resize=350%2C200 1x, https:\/\/i0.wp.com\/interclubs.gojuryu93.com\/wp-content\/uploads\/sites\/5\/2014\/01\/Bani%C3%A8re-ktf-300x43.png?resize=525%2C300 1.5x, https:\/\/i0.wp.com\/interclubs.gojuryu93.com\/wp-content\/uploads\/sites\/5\/2014\/01\/Bani%C3%A8re-ktf-300x43.png?resize=700%2C400 2x"},"classes":[]},{"id":188,"url":"https:\/\/interclubs.gojuryu93.com\/?page_id=188","url_meta":{"origin":270,"position":2},"title":"Interclubs 2014","author":"Team-Goju","date":"2 janvier 2014","format":false,"excerpt":"\u00a9 2014 - R\u00e9alis\u00e9 par Karat\u00e9 Club de Tremblay-en-France - Tous droits r\u00e9serv\u00e9s - \u00a0Patientez pendant le chargement du diaporama. \u00a0","rel":"","context":"Article similaire","block_context":{"text":"Article similaire","link":""},"img":{"alt_text":"","src":"","width":0,"height":0},"classes":[]},{"id":2571,"url":"https:\/\/interclubs.gojuryu93.com\/?page_id=2571","url_meta":{"origin":270,"position":3},"title":"Sites du Karat\u00e9 Club de Tremblay-en-France non actualis\u00e9s","author":"Team-Goju","date":"2 novembre 2018","format":false,"excerpt":"Vous l'avez certainement remarqu\u00e9 depuis quelques mois nos sites ne sont plus actualis\u00e9s. Faute de r\u00e9dacteurs et de bonnes volont\u00e9s, nous mettons ces sites en stand-by dans l'attente de repreneurs. De plus les sites ont r\u00e9cemment connu des probl\u00e8mes techniques qui ont nuit gravement au fonctionnement. Gr\u00e2ce \u00e0 l'intervention du\u2026","rel":"","context":"Article similaire","block_context":{"text":"Article similaire","link":""},"img":{"alt_text":"","src":"https:\/\/i0.wp.com\/interclubs.gojuryu93.com\/wp-content\/uploads\/sites\/5\/2018\/11\/reparwordpress.png?fit=225%2C225&ssl=1&resize=350%2C200","width":350,"height":200},"classes":[]},{"id":1114,"url":"https:\/\/interclubs.gojuryu93.com\/?page_id=1114","url_meta":{"origin":270,"position":4},"title":"Mentions l\u00e9gales","author":"Team-Goju","date":"14 juin 2014","format":false,"excerpt":"Ce site est h\u00e9berg\u00e9 et r\u00e9alis\u00e9 par Le Karat\u00e9 Club de Tremblay en France\u00a0 sur un serveur fourni par : OVH SAS au capital de 10\u00a0059\u00a0500\u00a0\u20ac RCS Lille M\u00e9tropole 424 761 419 00045 Code APE 6202A N\u00b0 TVA : FR 22 424 761 419 Si\u00e8ge social : 2 rue Kellermann\u2026","rel":"","context":"Article similaire","block_context":{"text":"Article similaire","link":""},"img":{"alt_text":"","src":"","width":0,"height":0},"classes":[]},{"id":72,"url":"https:\/\/interclubs.gojuryu93.com\/?page_id=72","url_meta":{"origin":270,"position":5},"title":"Taekwondo de la Go\u00eble","author":"Team-Goju","date":"29 d\u00e9cembre 2013","format":false,"excerpt":"\u00a0 \u00a0 \u00a0 \u00a0 \u00a0 \u00a0 \u00a0 \u00a0 \u00a0 \u00a0 Le Club de Taekwondo de la Go\u00eble situ\u00e9 dans le d\u00e9partement 77 sur les communes de Moussy et de Juilly est coorganisateur des interclubs. Ouvert sur d'autres pratiques que le taekwondo, il prodigue \u00e9galement des cours de karat\u00e9 Goju-ryu et\u2026","rel":"","context":"Article similaire","block_context":{"text":"Article similaire","link":""},"img":{"alt_text":"","src":"https:\/\/i0.wp.com\/www.gojuryu93.com\/wp-content\/uploads\/2015\/11\/logo-tekwando.png?resize=350%2C200","width":350,"height":200},"classes":[]}],"_links":{"self":[{"href":"https:\/\/interclubs.gojuryu93.com\/index.php?rest_route=\/wp\/v2\/pages\/270","targetHints":{"allow":["GET"]}}],"collection":[{"href":"https:\/\/interclubs.gojuryu93.com\/index.php?rest_route=\/wp\/v2\/pages"}],"about":[{"href":"https:\/\/interclubs.gojuryu93.com\/index.php?rest_route=\/wp\/v2\/types\/page"}],"author":[{"embeddable":true,"href":"https:\/\/interclubs.gojuryu93.com\/index.php?rest_route=\/wp\/v2\/users\/1"}],"replies":[{"embeddable":true,"href":"https:\/\/interclubs.gojuryu93.com\/index.php?rest_route=%2Fwp%2Fv2%2Fcomments&post=270"}],"version-history":[{"count":0,"href":"https:\/\/interclubs.gojuryu93.com\/index.php?rest_route=\/wp\/v2\/pages\/270\/revisions"}],"up":[{"embeddable":true,"href":"https:\/\/interclubs.gojuryu93.com\/index.php?rest_route=\/wp\/v2\/pages\/55"}],"wp:attachment":[{"href":"https:\/\/interclubs.gojuryu93.com\/index.php?rest_route=%2Fwp%2Fv2%2Fmedia&parent=270"}],"curies":[{"name":"wp","href":"https:\/\/api.w.org\/{rel}","templated":true}]}}